{"id":13129,"date":"2020-08-07T13:08:48","date_gmt":"2020-08-07T16:08:48","guid":{"rendered":"https:\/\/planeamiento.udelar.edu.uy\/?page_id=13129"},"modified":"2020-08-07T16:24:04","modified_gmt":"2020-08-07T19:24:04","slug":"ingresos","status":"publish","type":"page","link":"https:\/\/planeamiento.udelar.edu.uy\/portal\/estudiantes\/estudiantes-de-posgrado\/ingresos\/","title":{"rendered":"Ingresos"},"content":{"rendered":"\n<div class=\"visualizer-front-container\" id=\"chart_wrapper_visualizer-10731-1847786800\"><style type=\"text\/css\" name=\"visualizer-custom-css\" id=\"customcss-visualizer-10731\">.locker,.locker-loader{position:absolute;top:0;left:0;width:100%;height:100%}.locker{z-index:1000;opacity:.8;background-color:#fff;-ms-filter:\"progid:DXImageTransform.Microsoft.Alpha(Opacity=80)\";filter:alpha(opacity=80)}.locker-loader{z-index:1001;background:url(https:\/\/planeamiento.udelar.edu.uy\/portal\/wp-content\/plugins\/visualizer\/images\/ajax-loader.gif) no-repeat center center}.dt-button{display:none!important}.visualizer-front-container.visualizer-lazy-render{content-visibility: auto;}.google-visualization-controls-categoryfilter label.google-visualization-controls-label {vertical-align: middle;}.google-visualization-controls-categoryfilter li.goog-inline-block {margin: 0 0.2em;}.google-visualization-controls-categoryfilter li {padding: 0 0.2em;}.visualizer-front-container .dataTables_scrollHeadInner{margin: 0 auto;}<\/style><div id=\"visualizer-10731-1847786800\" class=\"visualizer-front  visualizer-front-10731\"><\/div><!-- Not showing structured data for chart 10731 because description is empty --><\/div>\n<p>\u00a0<\/p>\n<p><span style=\"font-size: 8pt;\"><strong>Fuente<\/strong>: Sistema de Gesti\u00f3n Administrativa de la Ense\u00f1anza (SGAE) y bedel\u00edas de los servicios universitarios<\/span><\/p>\n<p><span style=\"font-size: 8pt;\">\n<!-- NOTE: If you need to make changes to this file, copy it to your current theme's main\n\tdirectory so your changes won't be overwritten when the plugin is upgraded. -->\n\n<!-- Post Wrap Start-->\n<div class=\"post hentry ivycat-post\">\n\n    <!-- \tThis outputs the post TITLE -->\n    <h2 class=\"titulo1\"><a href=\"https:\/\/planeamiento.udelar.edu.uy\/portal\/publicacion_generica\/ingresos-alumnos-posgrado-serie-2007-2024\/\">Ingresos de alumnos de Posgrado, Serie 2007-2024<\/a><\/h2>\n\t<div class=\"tapa\">\n\t\t<a href=\"https:\/\/planeamiento.udelar.edu.uy\/portal\/publicacion_generica\/ingresos-alumnos-posgrado-serie-2007-2024\/\">\n\t\t\t\t\t<\/a>\n\t<\/div>\n\n    <!-- \tThis outputs the post EXCERPT.  To display full content including images and html,\n\t\treplace the_excerpt(); with the_content();  below. -->\n    <div class=\"entry-summary\">\n\t\t\t\t\n    <\/div>\n\t<hr>\n\t<br>\n    <!--\tThis outputs the post META information -->\n\t<\/div>\n<!-- \/\/ Post Wrap End -->\n<br \/><\/span><span style=\"font-size: 18pt;\">Ingresos seg\u00fan Servicio y Carrera<\/span><br \/><span style=\"font-size: 8pt;\">\n<!-- NOTE: If you need to make changes to this file, copy it to your current theme's main\n\tdirectory so your changes won't be overwritten when the plugin is upgraded. -->\n\n<!-- Post Wrap Start-->\n<div class=\"post hentry ivycat-post\">\n\n    <!-- \tThis outputs the post TITLE -->\n    <h2 class=\"titulo1\"><a href=\"https:\/\/planeamiento.udelar.edu.uy\/portal\/publicacion_generica\/ingresos-segun-area-servicio-y-carrera-por-sexo-2024\/\">Ingresos seg\u00fan \u00c1rea, Servicio y Carrera por Sexo \u2013 2024<\/a><\/h2>\n\t<div class=\"tapa\">\n\t\t<a href=\"https:\/\/planeamiento.udelar.edu.uy\/portal\/publicacion_generica\/ingresos-segun-area-servicio-y-carrera-por-sexo-2024\/\">\n\t\t\t\t\t<\/a>\n\t<\/div>\n\n    <!-- \tThis outputs the post EXCERPT.  To display full content including images and html,\n\t\treplace the_excerpt(); with the_content();  below. -->\n    <div class=\"entry-summary\">\n\t\t\t\t\n    <\/div>\n\t<hr>\n\t<br>\n    <!--\tThis outputs the post META information -->\n\t<\/div>\n<!-- \/\/ Post Wrap End -->\n\n<!-- NOTE: If you need to make changes to this file, copy it to your current theme's main\n\tdirectory so your changes won't be overwritten when the plugin is upgraded. -->\n\n<!-- Post Wrap Start-->\n<div class=\"post hentry ivycat-post\">\n\n    <!-- \tThis outputs the post TITLE -->\n    <h2 class=\"titulo1\"><a href=\"https:\/\/planeamiento.udelar.edu.uy\/portal\/publicacion_generica\/ingresos-segun-area-servicio-y-carrera-por-sexo-2023\/\">Ingresos seg\u00fan \u00c1rea, Servicio y Carrera por Sexo \u2013 2023<\/a><\/h2>\n\t<div class=\"tapa\">\n\t\t<a href=\"https:\/\/planeamiento.udelar.edu.uy\/portal\/publicacion_generica\/ingresos-segun-area-servicio-y-carrera-por-sexo-2023\/\">\n\t\t\t\t\t<\/a>\n\t<\/div>\n\n    <!-- \tThis outputs the post EXCERPT.  To display full content including images and html,\n\t\treplace the_excerpt(); with the_content();  below. -->\n    <div class=\"entry-summary\">\n\t\t\t\t\n    <\/div>\n\t<hr>\n\t<br>\n    <!--\tThis outputs the post META information -->\n\t<\/div>\n<!-- \/\/ Post Wrap End -->\n\n<!-- NOTE: If you need to make changes to this file, copy it to your current theme's main\n\tdirectory so your changes won't be overwritten when the plugin is upgraded. -->\n\n<!-- Post Wrap Start-->\n<div class=\"post hentry ivycat-post\">\n\n    <!-- \tThis outputs the post TITLE -->\n    <h2 class=\"titulo1\"><a href=\"https:\/\/planeamiento.udelar.edu.uy\/portal\/publicacion_generica\/ingresos-segun-area-servicio-y-carrera-por-sexo-2022\/\">Ingresos seg\u00fan \u00c1rea, Servicio y Carrera por Sexo \u2013 2022<\/a><\/h2>\n\t<div class=\"tapa\">\n\t\t<a href=\"https:\/\/planeamiento.udelar.edu.uy\/portal\/publicacion_generica\/ingresos-segun-area-servicio-y-carrera-por-sexo-2022\/\">\n\t\t\t\t\t<\/a>\n\t<\/div>\n\n    <!-- \tThis outputs the post EXCERPT.  To display full content including images and html,\n\t\treplace the_excerpt(); with the_content();  below. -->\n    <div class=\"entry-summary\">\n\t\t\t\t\n    <\/div>\n\t<hr>\n\t<br>\n    <!--\tThis outputs the post META information -->\n\t<\/div>\n<!-- \/\/ Post Wrap End -->\n\n<!-- NOTE: If you need to make changes to this file, copy it to your current theme's main\n\tdirectory so your changes won't be overwritten when the plugin is upgraded. -->\n\n<!-- Post Wrap Start-->\n<div class=\"post hentry ivycat-post\">\n\n    <!-- \tThis outputs the post TITLE -->\n    <h2 class=\"titulo1\"><a href=\"https:\/\/planeamiento.udelar.edu.uy\/portal\/publicacion_generica\/ingresos-segun-area-servicio-y-carrera-por-sexo-2021\/\">Ingresos seg\u00fan \u00c1rea, Servicio y Carrera por Sexo \u2013 2021<\/a><\/h2>\n\t<div class=\"tapa\">\n\t\t<a href=\"https:\/\/planeamiento.udelar.edu.uy\/portal\/publicacion_generica\/ingresos-segun-area-servicio-y-carrera-por-sexo-2021\/\">\n\t\t\t\t\t<\/a>\n\t<\/div>\n\n    <!-- \tThis outputs the post EXCERPT.  To display full content including images and html,\n\t\treplace the_excerpt(); with the_content();  below. -->\n    <div class=\"entry-summary\">\n\t\t\t\t\n    <\/div>\n\t<hr>\n\t<br>\n    <!--\tThis outputs the post META information -->\n\t<\/div>\n<!-- \/\/ Post Wrap End -->\n\n<!-- NOTE: If you need to make changes to this file, copy it to your current theme's main\n\tdirectory so your changes won't be overwritten when the plugin is upgraded. -->\n\n<!-- Post Wrap Start-->\n<div class=\"post hentry ivycat-post\">\n\n    <!-- \tThis outputs the post TITLE -->\n    <h2 class=\"titulo1\"><a href=\"https:\/\/planeamiento.udelar.edu.uy\/portal\/publicacion_generica\/ingresos-segun-area-servicio-y-carrera-por-sexo-2020\/\">Ingresos seg\u00fan \u00c1rea, Servicio y Carrera por Sexo \u2013 2020<\/a><\/h2>\n\t<div class=\"tapa\">\n\t\t<a href=\"https:\/\/planeamiento.udelar.edu.uy\/portal\/publicacion_generica\/ingresos-segun-area-servicio-y-carrera-por-sexo-2020\/\">\n\t\t\t\t\t<\/a>\n\t<\/div>\n\n    <!-- \tThis outputs the post EXCERPT.  To display full content including images and html,\n\t\treplace the_excerpt(); with the_content();  below. -->\n    <div class=\"entry-summary\">\n\t\t\t\t\n    <\/div>\n\t<hr>\n\t<br>\n    <!--\tThis outputs the post META information -->\n\t<\/div>\n<!-- \/\/ Post Wrap End -->\n\n<!-- NOTE: If you need to make changes to this file, copy it to your current theme's main\n\tdirectory so your changes won't be overwritten when the plugin is upgraded. -->\n\n<!-- Post Wrap Start-->\n<div class=\"post hentry ivycat-post\">\n\n    <!-- \tThis outputs the post TITLE -->\n    <h2 class=\"titulo1\"><a href=\"https:\/\/planeamiento.udelar.edu.uy\/portal\/publicacion_generica\/ingresos-segun-area-servicio-y-carrera-por-sexo-2019\/\">Ingresos seg\u00fan \u00c1rea, Servicio y Carrera por Sexo \u2013 2019<\/a><\/h2>\n\t<div class=\"tapa\">\n\t\t<a href=\"https:\/\/planeamiento.udelar.edu.uy\/portal\/publicacion_generica\/ingresos-segun-area-servicio-y-carrera-por-sexo-2019\/\">\n\t\t\t\t\t<\/a>\n\t<\/div>\n\n    <!-- \tThis outputs the post EXCERPT.  To display full content including images and html,\n\t\treplace the_excerpt(); with the_content();  below. -->\n    <div class=\"entry-summary\">\n\t\t\t\t\n    <\/div>\n\t<hr>\n\t<br>\n    <!--\tThis outputs the post META information -->\n\t<\/div>\n<!-- \/\/ Post Wrap End -->\n\n<!-- NOTE: If you need to make changes to this file, copy it to your current theme's main\n\tdirectory so your changes won't be overwritten when the plugin is upgraded. -->\n\n<!-- Post Wrap Start-->\n<div class=\"post hentry ivycat-post\">\n\n    <!-- \tThis outputs the post TITLE -->\n    <h2 class=\"titulo1\"><a href=\"https:\/\/planeamiento.udelar.edu.uy\/portal\/publicacion_generica\/area-servicio-y-carrera-por-sexo-2018\/\">Ingresos seg\u00fan \u00c1rea, Servicio y Carrera por Sexo \u2013 2018<\/a><\/h2>\n\t<div class=\"tapa\">\n\t\t<a href=\"https:\/\/planeamiento.udelar.edu.uy\/portal\/publicacion_generica\/area-servicio-y-carrera-por-sexo-2018\/\">\n\t\t\t\t\t<\/a>\n\t<\/div>\n\n    <!-- \tThis outputs the post EXCERPT.  To display full content including images and html,\n\t\treplace the_excerpt(); with the_content();  below. -->\n    <div class=\"entry-summary\">\n\t\t\t\t\n    <\/div>\n\t<hr>\n\t<br>\n    <!--\tThis outputs the post META information -->\n\t<\/div>\n<!-- \/\/ Post Wrap End -->\n\n<!-- NOTE: If you need to make changes to this file, copy it to your current theme's main\n\tdirectory so your changes won't be overwritten when the plugin is upgraded. -->\n\n<!-- Post Wrap Start-->\n<div class=\"post hentry ivycat-post\">\n\n    <!-- \tThis outputs the post TITLE -->\n    <h2 class=\"titulo1\"><a href=\"https:\/\/planeamiento.udelar.edu.uy\/portal\/publicacion_generica\/ingresos-segun-area-servicio-y-carrera-por-sexo-2017\/\">Ingresos seg\u00fan \u00c1rea, Servicio y Carrera por Sexo \u2013 2017<\/a><\/h2>\n\t<div class=\"tapa\">\n\t\t<a href=\"https:\/\/planeamiento.udelar.edu.uy\/portal\/publicacion_generica\/ingresos-segun-area-servicio-y-carrera-por-sexo-2017\/\">\n\t\t\t\t\t<\/a>\n\t<\/div>\n\n    <!-- \tThis outputs the post EXCERPT.  To display full content including images and html,\n\t\treplace the_excerpt(); with the_content();  below. -->\n    <div class=\"entry-summary\">\n\t\t\t\t\n    <\/div>\n\t<hr>\n\t<br>\n    <!--\tThis outputs the post META information -->\n\t<\/div>\n<!-- \/\/ Post Wrap End -->\n\n<!-- NOTE: If you need to make changes to this file, copy it to your current theme's main\n\tdirectory so your changes won't be overwritten when the plugin is upgraded. -->\n\n<!-- Post Wrap Start-->\n<div class=\"post hentry ivycat-post\">\n\n    <!-- \tThis outputs the post TITLE -->\n    <h2 class=\"titulo1\"><a href=\"https:\/\/planeamiento.udelar.edu.uy\/portal\/publicacion_generica\/ingresos-segun-servicio-y-carrera-por-sexo-2016\/\">Ingresos seg\u00fan \u00c1rea, Servicio y Carrera por Sexo &#8211; 2016<\/a><\/h2>\n\t<div class=\"tapa\">\n\t\t<a href=\"https:\/\/planeamiento.udelar.edu.uy\/portal\/publicacion_generica\/ingresos-segun-servicio-y-carrera-por-sexo-2016\/\">\n\t\t\t\t\t<\/a>\n\t<\/div>\n\n    <!-- \tThis outputs the post EXCERPT.  To display full content including images and html,\n\t\treplace the_excerpt(); with the_content();  below. -->\n    <div class=\"entry-summary\">\n\t\t\t\t\n    <\/div>\n\t<hr>\n\t<br>\n    <!--\tThis outputs the post META information -->\n\t<\/div>\n<!-- \/\/ Post Wrap End -->\n\n<!-- NOTE: If you need to make changes to this file, copy it to your current theme's main\n\tdirectory so your changes won't be overwritten when the plugin is upgraded. -->\n\n<!-- Post Wrap Start-->\n<div class=\"post hentry ivycat-post\">\n\n    <!-- \tThis outputs the post TITLE -->\n    <h2 class=\"titulo1\"><a href=\"https:\/\/planeamiento.udelar.edu.uy\/portal\/publicacion_generica\/ingresos-segun-servicio-y-carrera-por-sexo-2015\/\">Ingresos seg\u00fan Servicio y Carrera por Sexo &#8211; 2015<\/a><\/h2>\n\t<div class=\"tapa\">\n\t\t<a href=\"https:\/\/planeamiento.udelar.edu.uy\/portal\/publicacion_generica\/ingresos-segun-servicio-y-carrera-por-sexo-2015\/\">\n\t\t\t\t\t<\/a>\n\t<\/div>\n\n    <!-- \tThis outputs the post EXCERPT.  To display full content including images and html,\n\t\treplace the_excerpt(); with the_content();  below. -->\n    <div class=\"entry-summary\">\n\t\t\t\t\n    <\/div>\n\t<hr>\n\t<br>\n    <!--\tThis outputs the post META information -->\n\t<\/div>\n<!-- \/\/ Post Wrap End -->\n\n<!-- NOTE: If you need to make changes to this file, copy it to your current theme's main\n\tdirectory so your changes won't be overwritten when the plugin is upgraded. -->\n\n<!-- Post Wrap Start-->\n<div class=\"post hentry ivycat-post\">\n\n    <!-- \tThis outputs the post TITLE -->\n    <h2 class=\"titulo1\"><a href=\"https:\/\/planeamiento.udelar.edu.uy\/portal\/publicacion_generica\/ingresos-segun-servicio-y-carrera-por-sexo-2014\/\">Ingresos seg\u00fan Servicio y Carrera por Sexo &#8211; 2014<\/a><\/h2>\n\t<div class=\"tapa\">\n\t\t<a href=\"https:\/\/planeamiento.udelar.edu.uy\/portal\/publicacion_generica\/ingresos-segun-servicio-y-carrera-por-sexo-2014\/\">\n\t\t\t\t\t<\/a>\n\t<\/div>\n\n    <!-- \tThis outputs the post EXCERPT.  To display full content including images and html,\n\t\treplace the_excerpt(); with the_content();  below. -->\n    <div class=\"entry-summary\">\n\t\t\t\t\n    <\/div>\n\t<hr>\n\t<br>\n    <!--\tThis outputs the post META information -->\n\t<\/div>\n<!-- \/\/ Post Wrap End -->\n\n<!-- NOTE: If you need to make changes to this file, copy it to your current theme's main\n\tdirectory so your changes won't be overwritten when the plugin is upgraded. -->\n\n<!-- Post Wrap Start-->\n<div class=\"post hentry ivycat-post\">\n\n    <!-- \tThis outputs the post TITLE -->\n    <h2 class=\"titulo1\"><a href=\"https:\/\/planeamiento.udelar.edu.uy\/portal\/publicacion_generica\/ingresos-segun-servicio-y-carrera-por-sexo-2013\/\">Ingresos seg\u00fan Servicio y Carrera por Sexo &#8211; 2013<\/a><\/h2>\n\t<div class=\"tapa\">\n\t\t<a href=\"https:\/\/planeamiento.udelar.edu.uy\/portal\/publicacion_generica\/ingresos-segun-servicio-y-carrera-por-sexo-2013\/\">\n\t\t\t\t\t<\/a>\n\t<\/div>\n\n    <!-- \tThis outputs the post EXCERPT.  To display full content including images and html,\n\t\treplace the_excerpt(); with the_content();  below. -->\n    <div class=\"entry-summary\">\n\t\t\t\t\n    <\/div>\n\t<hr>\n\t<br>\n    <!--\tThis outputs the post META information -->\n\t<\/div>\n<!-- \/\/ Post Wrap End -->\n\n<!-- NOTE: If you need to make changes to this file, copy it to your current theme's main\n\tdirectory so your changes won't be overwritten when the plugin is upgraded. -->\n\n<!-- Post Wrap Start-->\n<div class=\"post hentry ivycat-post\">\n\n    <!-- \tThis outputs the post TITLE -->\n    <h2 class=\"titulo1\"><a href=\"https:\/\/planeamiento.udelar.edu.uy\/portal\/publicacion_generica\/ingresos-segun-servicio-y-carrera-por-sexo-2012\/\">Ingresos seg\u00fan Servicio y Carrera por Sexo &#8211; 2012<\/a><\/h2>\n\t<div class=\"tapa\">\n\t\t<a href=\"https:\/\/planeamiento.udelar.edu.uy\/portal\/publicacion_generica\/ingresos-segun-servicio-y-carrera-por-sexo-2012\/\">\n\t\t\t\t\t<\/a>\n\t<\/div>\n\n    <!-- \tThis outputs the post EXCERPT.  To display full content including images and html,\n\t\treplace the_excerpt(); with the_content();  below. -->\n    <div class=\"entry-summary\">\n\t\t\t\t\n    <\/div>\n\t<hr>\n\t<br>\n    <!--\tThis outputs the post META information -->\n\t<\/div>\n<!-- \/\/ Post Wrap End -->\n\n<!-- NOTE: If you need to make changes to this file, copy it to your current theme's main\n\tdirectory so your changes won't be overwritten when the plugin is upgraded. -->\n\n<!-- Post Wrap Start-->\n<div class=\"post hentry ivycat-post\">\n\n    <!-- \tThis outputs the post TITLE -->\n    <h2 class=\"titulo1\"><a href=\"https:\/\/planeamiento.udelar.edu.uy\/portal\/publicacion_generica\/ingresos-segun-servicio-y-carrera-por-sexo-2011\/\">Ingresos seg\u00fan Servicio y Carrera por Sexo &#8211; 2011<\/a><\/h2>\n\t<div class=\"tapa\">\n\t\t<a href=\"https:\/\/planeamiento.udelar.edu.uy\/portal\/publicacion_generica\/ingresos-segun-servicio-y-carrera-por-sexo-2011\/\">\n\t\t\t\t\t<\/a>\n\t<\/div>\n\n    <!-- \tThis outputs the post EXCERPT.  To display full content including images and html,\n\t\treplace the_excerpt(); with the_content();  below. -->\n    <div class=\"entry-summary\">\n\t\t\t\t\n    <\/div>\n\t<hr>\n\t<br>\n    <!--\tThis outputs the post META information -->\n\t<\/div>\n<!-- \/\/ Post Wrap End -->\n\n<!-- NOTE: If you need to make changes to this file, copy it to your current theme's main\n\tdirectory so your changes won't be overwritten when the plugin is upgraded. -->\n\n<!-- Post Wrap Start-->\n<div class=\"post hentry ivycat-post\">\n\n    <!-- \tThis outputs the post TITLE -->\n    <h2 class=\"titulo1\"><a href=\"https:\/\/planeamiento.udelar.edu.uy\/portal\/publicacion_generica\/ingresos-segun-servicio-y-carrera-por-sexo-2010\/\">Ingresos seg\u00fan Servicio y Carrera por Sexo &#8211; 2010<\/a><\/h2>\n\t<div class=\"tapa\">\n\t\t<a href=\"https:\/\/planeamiento.udelar.edu.uy\/portal\/publicacion_generica\/ingresos-segun-servicio-y-carrera-por-sexo-2010\/\">\n\t\t\t\t\t<\/a>\n\t<\/div>\n\n    <!-- \tThis outputs the post EXCERPT.  To display full content including images and html,\n\t\treplace the_excerpt(); with the_content();  below. -->\n    <div class=\"entry-summary\">\n\t\t\t\t\n    <\/div>\n\t<hr>\n\t<br>\n    <!--\tThis outputs the post META information -->\n\t<\/div>\n<!-- \/\/ Post Wrap End -->\n\n<!-- NOTE: If you need to make changes to this file, copy it to your current theme's main\n\tdirectory so your changes won't be overwritten when the plugin is upgraded. -->\n\n<!-- Post Wrap Start-->\n<div class=\"post hentry ivycat-post\">\n\n    <!-- \tThis outputs the post TITLE -->\n    <h2 class=\"titulo1\"><a href=\"https:\/\/planeamiento.udelar.edu.uy\/portal\/publicacion_generica\/20223\/\">Ingresos seg\u00fan Servicio y Carrera por Sexo \u2013 2009<\/a><\/h2>\n\t<div class=\"tapa\">\n\t\t<a href=\"https:\/\/planeamiento.udelar.edu.uy\/portal\/publicacion_generica\/20223\/\">\n\t\t\t\t\t<\/a>\n\t<\/div>\n\n    <!-- \tThis outputs the post EXCERPT.  To display full content including images and html,\n\t\treplace the_excerpt(); with the_content();  below. -->\n    <div class=\"entry-summary\">\n\t\t\t\t\n    <\/div>\n\t<hr>\n\t<br>\n    <!--\tThis outputs the post META information -->\n\t<\/div>\n<!-- \/\/ Post Wrap End -->\n\n<!-- NOTE: If you need to make changes to this file, copy it to your current theme's main\n\tdirectory so your changes won't be overwritten when the plugin is upgraded. -->\n\n<!-- Post Wrap Start-->\n<div class=\"post hentry ivycat-post\">\n\n    <!-- \tThis outputs the post TITLE -->\n    <h2 class=\"titulo1\"><a href=\"https:\/\/planeamiento.udelar.edu.uy\/portal\/publicacion_generica\/ingresos-segun-servicio-y-carrera-por-sexo-2008\/\">Ingresos seg\u00fan Servicio y Carrera por Sexo &#8211; 2008<\/a><\/h2>\n\t<div class=\"tapa\">\n\t\t<a href=\"https:\/\/planeamiento.udelar.edu.uy\/portal\/publicacion_generica\/ingresos-segun-servicio-y-carrera-por-sexo-2008\/\">\n\t\t\t\t\t<\/a>\n\t<\/div>\n\n    <!-- \tThis outputs the post EXCERPT.  To display full content including images and html,\n\t\treplace the_excerpt(); with the_content();  below. -->\n    <div class=\"entry-summary\">\n\t\t\t\t\n    <\/div>\n\t<hr>\n\t<br>\n    <!--\tThis outputs the post META information -->\n\t<\/div>\n<!-- \/\/ Post Wrap End -->\n\n<!-- NOTE: If you need to make changes to this file, copy it to your current theme's main\n\tdirectory so your changes won't be overwritten when the plugin is upgraded. -->\n\n<!-- Post Wrap Start-->\n<div class=\"post hentry ivycat-post\">\n\n    <!-- \tThis outputs the post TITLE -->\n    <h2 class=\"titulo1\"><a href=\"https:\/\/planeamiento.udelar.edu.uy\/portal\/publicacion_generica\/ingresos-segun-servicio-y-carrera-por-sexo-2007\/\">Ingresos seg\u00fan Servicio y Carrera por Sexo &#8211; 2007<\/a><\/h2>\n\t<div class=\"tapa\">\n\t\t<a href=\"https:\/\/planeamiento.udelar.edu.uy\/portal\/publicacion_generica\/ingresos-segun-servicio-y-carrera-por-sexo-2007\/\">\n\t\t\t\t\t<\/a>\n\t<\/div>\n\n    <!-- \tThis outputs the post EXCERPT.  To display full content including images and html,\n\t\treplace the_excerpt(); with the_content();  below. -->\n    <div class=\"entry-summary\">\n\t\t\t\t\n    <\/div>\n\t<hr>\n\t<br>\n    <!--\tThis outputs the post META information -->\n\t<\/div>\n<!-- \/\/ Post Wrap End -->\n<\/span><\/p>\n","protected":false},"excerpt":{"rendered":"<p>\u00a0 Fuente: Sistema de Gesti\u00f3n Administrativa de la Ense\u00f1anza (SGAE) y bedel\u00edas de los servicios universitarios Ingresos seg\u00fan Servicio y Carrera<\/p>\n","protected":false},"author":1724,"featured_media":0,"parent":37,"menu_order":0,"comment_status":"closed","ping_status":"closed","template":"","meta":{"footnotes":""},"class_list":["post-13129","page","type-page","status-publish","hentry"],"jetpack_sharing_enabled":true,"_links":{"self":[{"href":"https:\/\/planeamiento.udelar.edu.uy\/portal\/wp-json\/wp\/v2\/pages\/13129","targetHints":{"allow":["GET"]}}],"collection":[{"href":"https:\/\/planeamiento.udelar.edu.uy\/portal\/wp-json\/wp\/v2\/pages"}],"about":[{"href":"https:\/\/planeamiento.udelar.edu.uy\/portal\/wp-json\/wp\/v2\/types\/page"}],"author":[{"embeddable":true,"href":"https:\/\/planeamiento.udelar.edu.uy\/portal\/wp-json\/wp\/v2\/users\/1724"}],"replies":[{"embeddable":true,"href":"https:\/\/planeamiento.udelar.edu.uy\/portal\/wp-json\/wp\/v2\/comments?post=13129"}],"version-history":[{"count":12,"href":"https:\/\/planeamiento.udelar.edu.uy\/portal\/wp-json\/wp\/v2\/pages\/13129\/revisions"}],"predecessor-version":[{"id":22929,"href":"https:\/\/planeamiento.udelar.edu.uy\/portal\/wp-json\/wp\/v2\/pages\/13129\/revisions\/22929"}],"up":[{"embeddable":true,"href":"https:\/\/planeamiento.udelar.edu.uy\/portal\/wp-json\/wp\/v2\/pages\/37"}],"wp:attachment":[{"href":"https:\/\/planeamiento.udelar.edu.uy\/portal\/wp-json\/wp\/v2\/media?parent=13129"}],"curies":[{"name":"wp","href":"https:\/\/api.w.org\/{rel}","templated":true}]}}