{"id":22222,"date":"2024-12-19T11:21:03","date_gmt":"2024-12-19T14:21:03","guid":{"rendered":"https:\/\/planeamiento.udelar.edu.uy\/portal\/?page_id=22222"},"modified":"2025-08-14T11:59:10","modified_gmt":"2025-08-14T14:59:10","slug":"acceso-a-microdatos","status":"publish","type":"page","link":"https:\/\/planeamiento.udelar.edu.uy\/portal\/acceso-a-microdatos\/","title":{"rendered":"Acceso a los microdatos de los relevamientos estad\u00edsticos realizados por la Divisi\u00f3n Estad\u00edstica de la Direcci\u00f3n General de Planeamiento."},"content":{"rendered":"\n<p>Cada archivo contiene la tabla de microdatos, diccionario, formulario y ficha t\u00e9cnica del relevamiento.<\/p>\n<p><a href=\"https:\/\/planeamiento.udelar.edu.uy\/portal\/acceso-a-los-microdatos-de-los-relevamientos-estadisticos-realizados-por-la-division-estadistica-de-la-direccion-general-de-planeamiento\/microdatos-forma-estudiantes-de-grado\/\">FormA &#8211; Estudiantes<\/a><\/p>\n<p><a href=\"https:\/\/planeamiento.udelar.edu.uy\/portal\/acceso-a-los-microdatos-de-los-relevamientos-estadisticos-realizados-por-la-division-estadistica-de-la-direccion-general-de-planeamiento\/microdatos-forma-estudiantes-de-posgrado\/\">FormA &#8211; Posgrado<\/a><\/p>\n<p><a href=\"https:\/\/planeamiento.udelar.edu.uy\/portal\/microdatos-forma-docente\/\">FormA &#8211; Docente<\/a><\/p>\n<p><a href=\"https:\/\/planeamiento.udelar.edu.uy\/portal\/acceso-a-los-microdatos-de-los-relevamientos-estadisticos-realizados-por-la-division-estadistica-de-la-direccion-general-de-planeamiento\/microdatos-forma-tas\/\">FormA &#8211; TAS <\/a><\/p>\n<p>\u00a0<\/p>\n","protected":false},"excerpt":{"rendered":"<p>Cada archivo contiene la tabla de microdatos, diccionario, formulario y ficha t\u00e9cnica del relevamiento. FormA &#8211; Estudiantes FormA &#8211; Posgrado FormA &#8211; Docente FormA &#8211; TAS \u00a0<\/p>\n","protected":false},"author":45,"featured_media":0,"parent":0,"menu_order":0,"comment_status":"closed","ping_status":"closed","template":"","meta":{"footnotes":""},"class_list":["post-22222","page","type-page","status-publish","hentry"],"jetpack_sharing_enabled":true,"_links":{"self":[{"href":"https:\/\/planeamiento.udelar.edu.uy\/portal\/wp-json\/wp\/v2\/pages\/22222","targetHints":{"allow":["GET"]}}],"collection":[{"href":"https:\/\/planeamiento.udelar.edu.uy\/portal\/wp-json\/wp\/v2\/pages"}],"about":[{"href":"https:\/\/planeamiento.udelar.edu.uy\/portal\/wp-json\/wp\/v2\/types\/page"}],"author":[{"embeddable":true,"href":"https:\/\/planeamiento.udelar.edu.uy\/portal\/wp-json\/wp\/v2\/users\/45"}],"replies":[{"embeddable":true,"href":"https:\/\/planeamiento.udelar.edu.uy\/portal\/wp-json\/wp\/v2\/comments?post=22222"}],"version-history":[{"count":7,"href":"https:\/\/planeamiento.udelar.edu.uy\/portal\/wp-json\/wp\/v2\/pages\/22222\/revisions"}],"predecessor-version":[{"id":23177,"href":"https:\/\/planeamiento.udelar.edu.uy\/portal\/wp-json\/wp\/v2\/pages\/22222\/revisions\/23177"}],"wp:attachment":[{"href":"https:\/\/planeamiento.udelar.edu.uy\/portal\/wp-json\/wp\/v2\/media?parent=22222"}],"curies":[{"name":"wp","href":"https:\/\/api.w.org\/{rel}","templated":true}]}}

Acceso a los microdatos de los relevamientos estadísticos realizados por la División Estadística de la Dirección General de Planeamiento.

<p>Cada archivo contiene la tabla de microdatos, diccionario, formulario y ficha técnica del relevamiento.</p>
<p><a href="https://planeamiento.udelar.edu.uy/portal/acceso-a-los-microdatos-de-los-relevamientos-estadisticos-realizados-por-la-division-estadistica-de-la-direccion-general-de-planeamiento/microdatos-forma-estudiantes-de-grado/">FormA &#8211; Estudiantes</a></p>
<p><a href="https://planeamiento.udelar.edu.uy/portal/acceso-a-los-microdatos-de-los-relevamientos-estadisticos-realizados-por-la-division-estadistica-de-la-direccion-general-de-planeamiento/microdatos-forma-estudiantes-de-posgrado/">FormA &#8211; Posgrado</a></p>
<p><a href="https://planeamiento.udelar.edu.uy/portal/microdatos-forma-docente/">FormA &#8211; Docente</a></p>
<p><a href="https://planeamiento.udelar.edu.uy/portal/acceso-a-los-microdatos-de-los-relevamientos-estadisticos-realizados-por-la-division-estadistica-de-la-direccion-general-de-planeamiento/microdatos-forma-tas/">FormA &#8211; TAS </a></p>
<p> </p>

<p>Cada archivo contiene la tabla de microdatos, diccionario, formulario y ficha técnica del relevamiento. FormA &#8211; Estudiantes FormA &#8211; Posgrado FormA &#8211; Docente FormA &#8211; TAS  </p>
