{"id":3605,"date":"2015-05-05T16:55:49","date_gmt":"2015-05-05T16:55:49","guid":{"rendered":"http:\/\/gestion.udelar.edu.uy\/planeamientodesarrollo2019\/?page_id=3605"},"modified":"2024-07-04T12:12:16","modified_gmt":"2024-07-04T15:12:16","slug":"seguimiento-de-egresados","status":"publish","type":"page","link":"https:\/\/planeamiento.udelar.edu.uy\/portal\/proyectos\/seguimiento-de-egresados\/","title":{"rendered":"Seguimiento de Egresados"},"content":{"rendered":"<p>El proyecto de Seguimientos de Egresados, tiene como ejes centrales, disponer de informaci\u00f3n b\u00e1sica y comparable, de los egresados, y que sea el punto de\u00a0\u00a0partida para el proceso de monitoreo y evaluaci\u00f3n de la Udelar.<\/p>\n<p>Entre los objetivos generales se destacan:<br \/>\na) Estudiar las opiniones y actitudes de los egresados universitarios, en relaci\u00f3n a su formaci\u00f3n de grado y eventualmente de posgrado.<br \/>\nb) Conocer la satisfacci\u00f3n de los egresados con sus competencias adquiridas en los estudios universitarios.<br \/>\nc) Evaluar la opini\u00f3n y comportamiento sobre la movilidad interna y externa.<br \/>\nd) Caracterizar la trayectoria y desempe\u00f1o laboral y\/o profesional, de los egresados.<br \/>\ne) Evaluar saberes adquiridos durante su formaci\u00f3n de grado, con relaci\u00f3n al mercado laboral y la sociedad en su conjunto.<\/p>\n<p>La estrategia general se basa, en un dise\u00f1o longitudinal de panel, constituido por \u201ccluster\u201d de egresados a el cual se le aplican tres mediciones,\u00a0la primera se constituye con datos secundarios (registros de bedel\u00eda, ficha de ingreso y egreso), la segunda medici\u00f3n, un censo web, que se aplica a los cuatro a\u00f1os de egreso y la tercera, mediante un formulario censal a los siete a\u00f1os de egreso. Esto determina el \u201cciclo generacional\u201d. El ciclo \u201cse cierra\u201d, cada cinco a\u00f1os, con las conclusiones generales del cluster de egresados y por ende de las carreras. Cada a\u00f1o calendario, ingresa un nuevo cluster de egresados-carreras.<\/p>\n<p><a href=\"http:\/\/planeamiento.udelar.edu.uy\/wp-content\/uploads\/sites\/33\/2015\/05\/Programa-de-Seguimiento-de-Egresados.pdf\">Proyecto de Seguimiento de Egresados<\/a><\/p>\n<p><a href=\"http:\/\/planeamiento.udelar.edu.uy\/wp-content\/uploads\/sites\/33\/2015\/05\/Seguimiento-de-Egresados-Cronograma.pdf\">Cronograma general<\/a><\/p>\n<p><a href=\"http:\/\/planeamiento.udelar.edu.uy\/wp-content\/uploads\/sites\/33\/2015\/05\/Seguimiento-de-Egresados-Esquema.pdf\">Dise\u00f1o generacional<\/a><\/p>\n<p>&nbsp;<\/p>\n<p><a href=\"https:\/\/planeamiento.udelar.edu.uy\/portal\/publicaciones\/seguimiento-de-egresados\/\">Informes del Programa de Seguimiento de Egresados<\/a><\/p>\n","protected":false},"excerpt":{"rendered":"<p>El proyecto de Seguimientos de Egresados, tiene como ejes centrales, disponer de informaci\u00f3n b\u00e1sica y comparable, de los egresados, y que sea el punto de\u00a0\u00a0partida para el proceso de monitoreo &hellip;<\/p>\n","protected":false},"author":1,"featured_media":0,"parent":3569,"menu_order":0,"comment_status":"closed","ping_status":"open","template":"","meta":{"footnotes":""},"class_list":["post-3605","page","type-page","status-publish","hentry"],"jetpack_sharing_enabled":true,"_links":{"self":[{"href":"https:\/\/planeamiento.udelar.edu.uy\/portal\/wp-json\/wp\/v2\/pages\/3605","targetHints":{"allow":["GET"]}}],"collection":[{"href":"https:\/\/planeamiento.udelar.edu.uy\/portal\/wp-json\/wp\/v2\/pages"}],"about":[{"href":"https:\/\/planeamiento.udelar.edu.uy\/portal\/wp-json\/wp\/v2\/types\/page"}],"author":[{"embeddable":true,"href":"https:\/\/planeamiento.udelar.edu.uy\/portal\/wp-json\/wp\/v2\/users\/1"}],"replies":[{"embeddable":true,"href":"https:\/\/planeamiento.udelar.edu.uy\/portal\/wp-json\/wp\/v2\/comments?post=3605"}],"version-history":[{"count":7,"href":"https:\/\/planeamiento.udelar.edu.uy\/portal\/wp-json\/wp\/v2\/pages\/3605\/revisions"}],"predecessor-version":[{"id":21512,"href":"https:\/\/planeamiento.udelar.edu.uy\/portal\/wp-json\/wp\/v2\/pages\/3605\/revisions\/21512"}],"up":[{"embeddable":true,"href":"https:\/\/planeamiento.udelar.edu.uy\/portal\/wp-json\/wp\/v2\/pages\/3569"}],"wp:attachment":[{"href":"https:\/\/planeamiento.udelar.edu.uy\/portal\/wp-json\/wp\/v2\/media?parent=3605"}],"curies":[{"name":"wp","href":"https:\/\/api.w.org\/{rel}","templated":true}]}}

<p>El proyecto de Seguimientos de Egresados, tiene como ejes centrales, disponer de información básica y comparable, de los egresados, y que sea el punto de  partida para el proceso de monitoreo y evaluación de la Udelar.</p>
<p>Entre los objetivos generales se destacan:<br />
a) Estudiar las opiniones y actitudes de los egresados universitarios, en relación a su formación de grado y eventualmente de posgrado.<br />
b) Conocer la satisfacción de los egresados con sus competencias adquiridas en los estudios universitarios.<br />
c) Evaluar la opinión y comportamiento sobre la movilidad interna y externa.<br />
d) Caracterizar la trayectoria y desempeño laboral y/o profesional, de los egresados.<br />
e) Evaluar saberes adquiridos durante su formación de grado, con relación al mercado laboral y la sociedad en su conjunto.</p>
<p>La estrategia general se basa, en un diseño longitudinal de panel, constituido por “cluster” de egresados a el cual se le aplican tres mediciones, la primera se constituye con datos secundarios (registros de bedelía, ficha de ingreso y egreso), la segunda medición, un censo web, que se aplica a los cuatro años de egreso y la tercera, mediante un formulario censal a los siete años de egreso. Esto determina el “ciclo generacional”. El ciclo “se cierra”, cada cinco años, con las conclusiones generales del cluster de egresados y por ende de las carreras. Cada año calendario, ingresa un nuevo cluster de egresados-carreras.</p>
<p><a href="http://planeamiento.udelar.edu.uy/wp-content/uploads/sites/33/2015/05/Programa-de-Seguimiento-de-Egresados.pdf">Proyecto de Seguimiento de Egresados</a></p>
<p><a href="http://planeamiento.udelar.edu.uy/wp-content/uploads/sites/33/2015/05/Seguimiento-de-Egresados-Cronograma.pdf">Cronograma general</a></p>
<p><a href="http://planeamiento.udelar.edu.uy/wp-content/uploads/sites/33/2015/05/Seguimiento-de-Egresados-Esquema.pdf">Diseño generacional</a></p>
<p>&nbsp;</p>
<p><a href="https://planeamiento.udelar.edu.uy/portal/publicaciones/seguimiento-de-egresados/">Informes del Programa de Seguimiento de Egresados</a></p>

<p>El proyecto de Seguimientos de Egresados, tiene como ejes centrales, disponer de información básica y comparable, de los egresados, y que sea el punto de  partida para el proceso de monitoreo &hellip;</p>
