{"id":8965,"date":"2018-09-18T14:43:19","date_gmt":"2018-09-18T17:43:19","guid":{"rendered":"http:\/\/gestion.udelar.edu.uy\/planeamientodesarrollo2019\/?page_id=8965"},"modified":"2020-04-17T20:53:58","modified_gmt":"2020-04-17T23:53:58","slug":"evaluacion-institucional-en-la-universidad-un-proceso-para-la-mejora-continua-de-la-calidad","status":"publish","type":"page","link":"https:\/\/planeamiento.udelar.edu.uy\/portal\/ponencias-y-presentaciones\/evaluacion-institucional-en-la-universidad-un-proceso-para-la-mejora-continua-de-la-calidad\/","title":{"rendered":"Evaluaci\u00f3n Institucional en la Universidad: un proceso para la mejora continua de la calidad"},"content":{"rendered":"<h2 style=\"text-align: center;\"><strong><u>Evaluaci\u00f3n Institucional en la Universidad: un proceso para la mejora continua de la calidad.<\/u><\/strong><\/h2>\n<h2 style=\"text-align: center;\"><strong><em>Escuela de Invierno de la AUGM<\/em><\/strong><\/h2>\n<h2 style=\"text-align: center;\"><em>10 al 14 de setiembre de 2018<\/em><\/h2>\n<h2>Lunes 10 de setiembre de 2018<\/h2>\n<ul>\n<li><span lang=\"ES\">Evaluar y planificar en la Universidad<\/span>\n<ul>\n<li><a href=\"http:\/\/planeamiento.udelar.edu.uy\/wp-content\/uploads\/sites\/33\/2018\/09\/Adolfo-Stubrin-UNA-VISI\u00d3N-GENERAL-SOBRE-EL-SURGIMIENTO-Y-LA-RELACI\u00d3N-MUTUA-ENTRE-PLANEAMIENTO-Y-EVALUACI\u00d3N-INSTITUCIONAL-EN-LAS-UNIVERSIDADES-P\u00daBLICAS-DE-AMERICA-LATINA.pdf\">Adolfo Stubrin &#8211; UNA VISI\u00d3N GENERAL SOBRE EL SURGIMIENTO Y LA RELACI\u00d3N MUTUA ENTRE PLANEAMIENTO Y EVALUACI\u00d3N INSTITUCIONAL EN LAS UNIVERSIDADES P\u00daBLICAS DE AMERICA LATINA<\/a><\/li>\n<\/ul>\n<\/li>\n<\/ul>\n<ul>\n<li><span lang=\"ES\">La evaluaci\u00f3n como proceso de mejora continua<\/span>\n<ul>\n<li><a href=\"http:\/\/planeamiento.udelar.edu.uy\/wp-content\/uploads\/sites\/33\/2018\/09\/Mar\u00eda-Francisca-Briones-LA-EVALUACI\u00d3N-INSTITUCIONAL-COMO-PROCESO-DE-MEJORA-CONTINUA.pdf\">Mar\u00eda Francisca Briones &#8211; LA EVALUACI\u00d3N INSTITUCIONAL COMO PROCESO DE MEJORA CONTINUA<\/a><\/li>\n<\/ul>\n<\/li>\n<\/ul>\n<h2>Martes 11 de setiembre de 2018<\/h2>\n<ul>\n<li><span lang=\"ES\">Planeamiento y evaluaci\u00f3n institucional como parte de un mismo sistema<\/span>\n<ul>\n<li><a href=\"http:\/\/planeamiento.udelar.edu.uy\/wp-content\/uploads\/sites\/33\/2018\/09\/1-Mar\u00eda-Francisca-Briones-Planeamiento-y-evaluaci\u00f3n-institucional-como-parte-de-un-mismo-sistema.pdf\">Mar\u00eda Francisca Briones &#8211; Planeamiento y evaluaci\u00f3n institucional como parte de un mismo sistema<\/a><\/li>\n<\/ul>\n<\/li>\n<li><span lang=\"ES\">La evaluaci\u00f3n institucional y el planeamiento en la Udelar<\/span>\n<ul>\n<li><a href=\"http:\/\/planeamiento.udelar.edu.uy\/wp-content\/uploads\/sites\/33\/2018\/09\/2.1-Alba-Porrini-El-Planeamiento-en-la-Udelar.pdf\">Alba Porrini &#8211; El Planeamiento en la Udelar<\/a><\/li>\n<li><a href=\"http:\/\/planeamiento.udelar.edu.uy\/wp-content\/uploads\/sites\/33\/2018\/09\/2.2-Roberto-Kremer-PROGRAMA-DE-EVALUACI\u00d3N-INSTITUCIONAL-PEI-EN-LA-UDELAR.pdf\">Roberto Kremer &#8211; PROGRAMA DE EVALUACI\u00d3N INSTITUCIONAL (PEI) EN LA UDELAR<\/a><\/li>\n<\/ul>\n<\/li>\n<li><span lang=\"ES\">Indicadores para el planeamiento y la evaluaci\u00f3n de la Ense\u00f1anza<\/span>\n<ul>\n<li><a href=\"http:\/\/planeamiento.udelar.edu.uy\/wp-content\/uploads\/sites\/33\/2018\/09\/3.1-Nicol\u00e1s-Fiori-Relevamientos-estad\u00edsticos-continuos-en-la-Udelar.pdf\">Nicol\u00e1s Fiori &#8211; Relevamientos estad\u00edsticos continuos en la Udelar<\/a><\/li>\n<li><a href=\"http:\/\/planeamiento.udelar.edu.uy\/wp-content\/uploads\/sites\/33\/2018\/09\/3.2-Adriana-Fern\u00e1ndez-Sistema-de-Indicadores-para-la-Evaluaci\u00f3n-Universitaria-Indicadores-de-Ense\u00f1anza-de-Grado.pdf\">Adriana Fern\u00e1ndez &#8211; Sistema de Indicadores para la Evaluaci\u00f3n Universitaria, Indicadores de Ense\u00f1anza de Grado<\/a><\/li>\n<li><a href=\"http:\/\/planeamiento.udelar.edu.uy\/wp-content\/uploads\/sites\/33\/2018\/09\/3.3-Mariela-De-Le\u00f3n-Sistema-de-Informaci\u00f3n-Integrado-de-la-Udelar.pdf\">Mariela De Le\u00f3n &#8211; Sistema de Informaci\u00f3n Integrado de la Udelar<\/a><\/li>\n<li><a href=\"http:\/\/planeamiento.udelar.edu.uy\/wp-content\/uploads\/sites\/33\/2018\/09\/3.4-Jos\u00e9-Passarini-EVALUACI\u00d3N-DE-LA-ENSE\u00d1ANZA-PROGRAMA-DE-EVALUACI\u00d3N-INSTITUCIONAL.pdf\">Jos\u00e9 Passarini &#8211; EVALUACI\u00d3N DE LA ENSE\u00d1ANZA, PROGRAMA DE EVALUACI\u00d3N INSTITUCIONAL<\/a><\/li>\n<\/ul>\n<\/li>\n<\/ul>\n<h2>Mi\u00e9rcoles 12 de setiembre de 2018<\/h2>\n<ul>\n<li>Planeamiento estrat\u00e9gico en la Universidad\n<ul>\n<li><a href=\"http:\/\/planeamiento.udelar.edu.uy\/wp-content\/uploads\/sites\/33\/2018\/09\/1-Jos\u00e9-Luis-Almui\u00f1as-PLANIFICACION-ESTRAT\u00c9GICA-EN-LA-UNIVERSIDAD.pdf\">Jos\u00e9 Luis Almui\u00f1as &#8211; PLANIFICACION ESTRAT\u00c9GICA EN LA UNIVERSIDAD<\/a><\/li>\n<\/ul>\n<\/li>\n<li>Planeamiento y estrategias de seguimiento en la Universidad\n<ul>\n<li><a href=\"http:\/\/planeamiento.udelar.edu.uy\/wp-content\/uploads\/sites\/33\/2018\/09\/2-Mar\u00eda-Francisca-Briones-PLANEAMIENTO-Y-ESTRATEGIAS-DE-SEGUIMIENTO-EN-LA-INIVERSIDAD.pdf\">Mar\u00eda Francisca Briones &#8211; PLANEAMIENTO Y ESTRATEGIAS DE SEGUIMIENTO EN LA INIVERSIDAD<\/a><\/li>\n<\/ul>\n<\/li>\n<li>Mesa de experiencias de evaluaci\u00f3n institucional y planeamiento en la Universidad\n<ul>\n<li><a href=\"http:\/\/planeamiento.udelar.edu.uy\/wp-content\/uploads\/sites\/33\/2018\/09\/3.1-Mar\u00eda-Francisca-Briones-EVALUACI\u00d3N-INSTITUCIONAL-CASO-UNIVERSIDAD-DE-PLAYA-ANCHA.pdf\">Mar\u00eda Francisca Briones &#8211; EVALUACI\u00d3N INSTITUCIONAL, CASO UNIVERSIDAD DE PLAYA ANCHA<\/a><\/li>\n<li><a href=\"http:\/\/planeamiento.udelar.edu.uy\/wp-content\/uploads\/sites\/33\/2018\/09\/3.2-Jos\u00e9-Luis-Almui\u00f1as-Experiencias-en-la-planificaci\u00f3n-y-evaluaci\u00f3n-el-caso-de-la-UNIVERSIDAD-DE-LA-HABANA-CUBA.pdf\">Jos\u00e9 Luis Almui\u00f1as &#8211; Experiencias en la planificaci\u00f3n y evaluaci\u00f3n, el caso de la UNIVERSIDAD DE LA HABANA CUBA<\/a><\/li>\n<\/ul>\n<\/li>\n<li>La internacionalizaci\u00f3n de la educaci\u00f3n superior y la mejora de las funciones en la universidad\n<ul>\n<li><a href=\"http:\/\/planeamiento.udelar.edu.uy\/wp-content\/uploads\/sites\/33\/2018\/09\/4-Lincoln-Bizzozero-Internacionalizaci\u00f3n-de-la-educaci\u00f3n-superior-y-mejora-de-las-funciones-en-la-Universidad.pdf\">Lincoln Bizzozero &#8211; Internacionalizaci\u00f3n de la educaci\u00f3n superior y mejora de las funciones en la Universidad<\/a><\/li>\n<\/ul>\n<\/li>\n<\/ul>\n<h2>Jueves 13 de setiembre de 2018<\/h2>\n<ul>\n<li>Mesa Redonda: Evaluaci\u00f3n de la investigaci\u00f3n en la universidad\n<ul>\n<li><a href=\"http:\/\/planeamiento.udelar.edu.uy\/wp-content\/uploads\/sites\/33\/2018\/09\/1.1-Ana-Meikle-Evaluaci\u00f3n-de-investigadores-Sistema-Nacional-de-Investigadores.pdf\">Ana Meikle &#8211; Evaluaci\u00f3n de investigadores Sistema Nacional de Investigadores<\/a><\/li>\n<li><a href=\"http:\/\/planeamiento.udelar.edu.uy\/wp-content\/uploads\/sites\/33\/2018\/09\/1.2-Catalina-Nosiglia-La-evaluaci\u00f3n-de-la-investigaci\u00f3n-en-la-Universidad-de-Buenos-Aires.pdf\">Catalina Nosiglia &#8211; La evaluaci\u00f3n de la investigaci\u00f3n en la Universidad de Buenos Aires<\/a><\/li>\n<\/ul>\n<\/li>\n<li>Informaci\u00f3n y evaluaci\u00f3n desde la Comisi\u00f3n Acad\u00e9mica de Posgrados de la Udelar\n<ul>\n<li><a href=\"http:\/\/planeamiento.udelar.edu.uy\/wp-content\/uploads\/sites\/33\/2018\/09\/2-Mar\u00eda-Simon-Evaluaci\u00f3n-de-posgrados-en-la-Universidad-de-la-Rep\u00fablica.pdf\">Mar\u00eda Simon &#8211; Evaluaci\u00f3n de posgrados en la Universidad de la Rep\u00fablica<\/a><\/li>\n<\/ul>\n<\/li>\n<li>Mesa: Los desaf\u00edos del Planeamiento y de la Evaluaci\u00f3n Institucional\n<ul>\n<li><a href=\"http:\/\/planeamiento.udelar.edu.uy\/wp-content\/uploads\/sites\/33\/2018\/09\/3.1-Catalina-Nosiglia-La-evaluaci\u00f3n-institucional-en-la-universidad-procesos-dimensiones-y-desaf\u00edos.pdf\">Catalina Nosiglia &#8211; La evaluaci\u00f3n institucional en la universidad, procesos dimensiones y desaf\u00edos<\/a><\/li>\n<li><a href=\"http:\/\/planeamiento.udelar.edu.uy\/wp-content\/uploads\/sites\/33\/2018\/09\/3.2-Jos\u00e9-Luis-Almui\u00f1as-Desaf\u00edos-de-la-planificaci\u00f3n-estrat\u00e9gica.pdf\">Jos\u00e9 Luis Almui\u00f1as &#8211; Desaf\u00edos de la planificaci\u00f3n estrat\u00e9gica<\/a><\/li>\n<\/ul>\n<\/li>\n<\/ul>\n<h2>Viernes 14 de setiembre de 2018<\/h2>\n<ul>\n<li>Evaluaci\u00f3n de la Extensi\u00f3n y relaciones con el medio\n<ul>\n<li><a href=\"http:\/\/planeamiento.udelar.edu.uy\/wp-content\/uploads\/sites\/33\/2018\/09\/1.1-Jos\u00e9-Passarini-EVALUACI\u00d3N-DE-LA-EXTENSI\u00d3N-PROGRAMA-DE-EVALUACI\u00d3N-INSTITUCIONAL-CRITERIOS-DEFINIDOS-POR-LA-CEIyA.pdf\">Jos\u00e9 Passarini &#8211; EVALUACI\u00d3N DE LA EXTENSI\u00d3N, PROGRAMA DE EVALUACI\u00d3N INSTITUCIONAL, CRITERIOS DEFINIDOS POR LA CEIyA<\/a><\/li>\n<li><a href=\"http:\/\/planeamiento.udelar.edu.uy\/wp-content\/uploads\/sites\/33\/2018\/09\/1.2-Rodrigo-Horjales-Programa-de-Seguimiento-de-Egresados.pdf\">Rodrigo Horjales &#8211; Programa de Seguimiento de Egresados<\/a><\/li>\n<\/ul>\n<\/li>\n<li>La importancia de la Gesti\u00f3n de los Procesos de Evaluaci\u00f3n y Planeamiento\n<ul>\n<li><a href=\"http:\/\/planeamiento.udelar.edu.uy\/wp-content\/uploads\/sites\/33\/2018\/09\/2-Jos\u00e9-Luis-Almui\u00f1as-La-importancia-de-la-gesti\u00f3n-de-los-procesos-de-evaluaci\u00f3n-y-planificaci\u00f3n.pdf\">Jos\u00e9 Luis Almui\u00f1as &#8211; La importancia de la gesti\u00f3n de los procesos de evaluaci\u00f3n y planificaci\u00f3n<\/a><\/li>\n<\/ul>\n<\/li>\n<li>La Comunicaci\u00f3n en la Organizaciones y su peso al momento de realizar procesos Institucionales\n<ul>\n<li><a href=\"http:\/\/planeamiento.udelar.edu.uy\/wp-content\/uploads\/sites\/33\/2018\/09\/3-Gabriel-Kapl\u00fan-La-dimensi\u00f3n-comunicacional-en-las-organizaciones.pdf\">Gabriel Kapl\u00fan &#8211; La dimensi\u00f3n comunicacional en las organizaciones<\/a><\/li>\n<\/ul>\n<\/li>\n<\/ul>\n","protected":false},"excerpt":{"rendered":"<p>Evaluaci\u00f3n Institucional en la Universidad: un proceso para la mejora continua de la calidad. Escuela de Invierno de la AUGM 10 al 14 de setiembre de 2018 Lunes 10 de &hellip;<\/p>\n","protected":false},"author":43,"featured_media":0,"parent":9005,"menu_order":1,"comment_status":"closed","ping_status":"closed","template":"","meta":{"footnotes":""},"class_list":["post-8965","page","type-page","status-publish","hentry"],"jetpack_sharing_enabled":true,"_links":{"self":[{"href":"https:\/\/planeamiento.udelar.edu.uy\/portal\/wp-json\/wp\/v2\/pages\/8965","targetHints":{"allow":["GET"]}}],"collection":[{"href":"https:\/\/planeamiento.udelar.edu.uy\/portal\/wp-json\/wp\/v2\/pages"}],"about":[{"href":"https:\/\/planeamiento.udelar.edu.uy\/portal\/wp-json\/wp\/v2\/types\/page"}],"author":[{"embeddable":true,"href":"https:\/\/planeamiento.udelar.edu.uy\/portal\/wp-json\/wp\/v2\/users\/43"}],"replies":[{"embeddable":true,"href":"https:\/\/planeamiento.udelar.edu.uy\/portal\/wp-json\/wp\/v2\/comments?post=8965"}],"version-history":[{"count":16,"href":"https:\/\/planeamiento.udelar.edu.uy\/portal\/wp-json\/wp\/v2\/pages\/8965\/revisions"}],"predecessor-version":[{"id":9048,"href":"https:\/\/planeamiento.udelar.edu.uy\/portal\/wp-json\/wp\/v2\/pages\/8965\/revisions\/9048"}],"up":[{"embeddable":true,"href":"https:\/\/planeamiento.udelar.edu.uy\/portal\/wp-json\/wp\/v2\/pages\/9005"}],"wp:attachment":[{"href":"https:\/\/planeamiento.udelar.edu.uy\/portal\/wp-json\/wp\/v2\/media?parent=8965"}],"curies":[{"name":"wp","href":"https:\/\/api.w.org\/{rel}","templated":true}]}}