{"id":9163,"date":"2018-10-09T17:16:07","date_gmt":"2018-10-09T20:16:07","guid":{"rendered":"http:\/\/gestion.udelar.edu.uy\/planeamientodesarrollo2019desarrollo2019\/?page_id=9163"},"modified":"2021-03-05T16:19:49","modified_gmt":"2021-03-05T19:19:49","slug":"acceso-a-la-informacion","status":"publish","type":"page","link":"https:\/\/planeamiento.udelar.edu.uy\/portal\/acceso-a-la-informacion\/","title":{"rendered":"Acceso a la informaci\u00f3n"},"content":{"rendered":"\n<div class=\"wpcf7 no-js\" id=\"wpcf7-f14490-o1\" lang=\"es-ES\" dir=\"ltr\" data-wpcf7-id=\"14490\">\n<div class=\"screen-reader-response\"><p role=\"status\" aria-live=\"polite\" aria-atomic=\"true\"><\/p> <ul><\/ul><\/div>\n<form action=\"\/portal\/wp-json\/wp\/v2\/pages\/9163#wpcf7-f14490-o1\" method=\"post\" class=\"wpcf7-form init\" aria-label=\"Formulario de contacto\" novalidate=\"novalidate\" data-status=\"init\">\n<fieldset class=\"hidden-fields-container\"><input type=\"hidden\" name=\"_wpcf7\" value=\"14490\" \/><input type=\"hidden\" name=\"_wpcf7_version\" value=\"6.1.5\" \/><input type=\"hidden\" name=\"_wpcf7_locale\" value=\"es_ES\" \/><input type=\"hidden\" name=\"_wpcf7_unit_tag\" value=\"wpcf7-f14490-o1\" \/><input type=\"hidden\" name=\"_wpcf7_container_post\" value=\"0\" \/><input type=\"hidden\" name=\"_wpcf7_posted_data_hash\" value=\"\" \/>\n<\/fieldset>\n<p><label> Nombre completo <span style=\"color: red\">*<\/span><br \/>\n<span class=\"wpcf7-form-control-wrap\" data-name=\"nombre\"><input size=\"40\" maxlength=\"400\" class=\"wpcf7-form-control wpcf7-text wpcf7-validates-as-required\" aria-required=\"true\" aria-invalid=\"false\" value=\"\" type=\"text\" name=\"nombre\" \/><\/span> <\/label>\n<\/p>\n<p><label> Email <span style=\"color: red\">*<\/span><br \/>\n<span class=\"wpcf7-form-control-wrap\" data-name=\"correo\"><input size=\"40\" maxlength=\"400\" class=\"wpcf7-form-control wpcf7-email wpcf7-validates-as-required wpcf7-text wpcf7-validates-as-email\" aria-required=\"true\" aria-invalid=\"false\" value=\"\" type=\"email\" name=\"correo\" \/><\/span> <\/label>\n<\/p>\n<p><label> Tel\u00e9fono<br \/>\n<span class=\"wpcf7-form-control-wrap\" data-name=\"telefono\"><input size=\"40\" maxlength=\"400\" class=\"wpcf7-form-control wpcf7-tel wpcf7-text wpcf7-validates-as-tel\" aria-invalid=\"false\" value=\"\" type=\"tel\" name=\"telefono\" \/><\/span> <\/label>\n<\/p>\n<p><label> Instituci\u00f3n<br \/>\n<span class=\"wpcf7-form-control-wrap\" data-name=\"institucion\"><input size=\"40\" maxlength=\"400\" class=\"wpcf7-form-control wpcf7-text\" aria-invalid=\"false\" value=\"\" type=\"text\" name=\"institucion\" \/><\/span> <\/label>\n<\/p>\n<p><label> Rol<br \/>\n<span class=\"wpcf7-form-control-wrap\" data-name=\"rol\"><select class=\"wpcf7-form-control wpcf7-select\" aria-invalid=\"false\" name=\"rol\"><option value=\"Estudiante\">Estudiante<\/option><option value=\"Investigador\">Investigador<\/option><option value=\"Docente\">Docente<\/option><option value=\"Funcionario\">Funcionario<\/option><option value=\"Prensa\">Prensa<\/option><option value=\"Otro\">Otro<\/option><\/select><\/span><br \/>\n<\/label>\n<\/p>\n<p>Tema <span style=\"color: red\">*<\/span><br \/>\n<span class=\"wpcf7-form-control-wrap\" data-name=\"tema\"><span class=\"wpcf7-form-control wpcf7-checkbox\"><span class=\"wpcf7-list-item first\"><label><input type=\"checkbox\" name=\"tema[]\" value=\"Estudiantes\" \/><span class=\"wpcf7-list-item-label\">Estudiantes<\/span><\/label><\/span><span class=\"wpcf7-list-item\"><label><input type=\"checkbox\" name=\"tema[]\" value=\"Egresados\" \/><span class=\"wpcf7-list-item-label\">Egresados<\/span><\/label><\/span><span class=\"wpcf7-list-item\"><label><input type=\"checkbox\" name=\"tema[]\" value=\"Funcionarios\" \/><span class=\"wpcf7-list-item-label\">Funcionarios<\/span><\/label><\/span><span class=\"wpcf7-list-item\"><label><input type=\"checkbox\" name=\"tema[]\" value=\"Presupuesto\" \/><span class=\"wpcf7-list-item-label\">Presupuesto<\/span><\/label><\/span><span class=\"wpcf7-list-item\"><label><input type=\"checkbox\" name=\"tema[]\" value=\"Carreras\" \/><span class=\"wpcf7-list-item-label\">Carreras<\/span><\/label><\/span><span class=\"wpcf7-list-item\"><label><input type=\"checkbox\" name=\"tema[]\" value=\"Indicadores\" \/><span class=\"wpcf7-list-item-label\">Indicadores<\/span><\/label><\/span><span class=\"wpcf7-list-item last\"><label><input type=\"checkbox\" name=\"tema[]\" value=\"Otros\" \/><span class=\"wpcf7-list-item-label\">Otros<\/span><\/label><\/span><\/span><\/span>\n<\/p>\n<p><label> Informaci\u00f3n solicitada<br \/>\n<span class=\"wpcf7-form-control-wrap\" data-name=\"mensaje\"><textarea cols=\"40\" rows=\"10\" maxlength=\"2000\" class=\"wpcf7-form-control wpcf7-textarea wpcf7-validates-as-required\" aria-required=\"true\" aria-invalid=\"false\" name=\"mensaje\"><\/textarea><\/span><br \/>\n<\/label>\n<\/p>\n<p style=\"margin-top: -1.5%; font-size:90%\">Descripci\u00f3n concreta de la informaci\u00f3n que est\u00e1 solicitando.\n<\/p>\n<p><input class=\"wpcf7-form-control wpcf7-submit has-spinner\" type=\"submit\" value=\"Enviar\" \/>\n<\/p><p style=\"display: none !important;\" class=\"akismet-fields-container\" data-prefix=\"_wpcf7_ak_\"><label>&#916;<textarea name=\"_wpcf7_ak_hp_textarea\" cols=\"45\" rows=\"8\" maxlength=\"100\"><\/textarea><\/label><input type=\"hidden\" id=\"ak_js_1\" name=\"_wpcf7_ak_js\" value=\"55\"\/><script>document.getElementById( \"ak_js_1\" ).setAttribute( \"value\", ( new Date() ).getTime() );<\/script><\/p><div class=\"wpcf7-response-output\" aria-hidden=\"true\"><\/div>\n<\/form>\n<\/div>\n\n<p>Los campos indicados con\u00a0<span style=\"color: #ff0000;\">*<\/span>\u00a0son obligatorios<\/p>\n<p><a href=\"http:\/\/www.impo.com.uy\/bases\/leyes\/16616-1994\">Ley N\u00b0 16616 &#8211;\u00a0ESTAD\u00cdSTICA NACIONAL &#8211;\u00a031 de octubre de 1994<\/a><\/p>\n<p><a href=\"http:\/\/www.impo.com.uy\/bases\/leyes\/18331-2008\">Ley N\u00ba 18331 &#8211;\u00a0LEY DE PROTECCI\u00d3N DE DATOS PERSONALES &#8211;\u00a018 de agosto de 2008<\/a><\/p>\n<p><a href=\"http:\/\/www.impo.com.uy\/bases\/leyes\/18381-2008\">Ley N\u00ba 18381 &#8211;\u00a0LEY SOBRE EL DERECHO DE ACCESO A LA INFORMACI\u00d3N P\u00daBLICA &#8211; 7 de noviembre de 2008<\/a><\/p>\n","protected":false},"excerpt":{"rendered":"<p>Los campos indicados con\u00a0*\u00a0son obligatorios Ley N\u00b0 16616 &#8211;\u00a0ESTAD\u00cdSTICA NACIONAL &#8211;\u00a031 de octubre de 1994 Ley N\u00ba 18331 &#8211;\u00a0LEY DE PROTECCI\u00d3N DE DATOS PERSONALES &#8211;\u00a018 de agosto de 2008 Ley &hellip;<\/p>\n","protected":false},"author":43,"featured_media":0,"parent":0,"menu_order":0,"comment_status":"closed","ping_status":"closed","template":"","meta":{"footnotes":""},"class_list":["post-9163","page","type-page","status-publish","hentry"],"jetpack_sharing_enabled":true,"_links":{"self":[{"href":"https:\/\/planeamiento.udelar.edu.uy\/portal\/wp-json\/wp\/v2\/pages\/9163","targetHints":{"allow":["GET"]}}],"collection":[{"href":"https:\/\/planeamiento.udelar.edu.uy\/portal\/wp-json\/wp\/v2\/pages"}],"about":[{"href":"https:\/\/planeamiento.udelar.edu.uy\/portal\/wp-json\/wp\/v2\/types\/page"}],"author":[{"embeddable":true,"href":"https:\/\/planeamiento.udelar.edu.uy\/portal\/wp-json\/wp\/v2\/users\/43"}],"replies":[{"embeddable":true,"href":"https:\/\/planeamiento.udelar.edu.uy\/portal\/wp-json\/wp\/v2\/comments?post=9163"}],"version-history":[{"count":21,"href":"https:\/\/planeamiento.udelar.edu.uy\/portal\/wp-json\/wp\/v2\/pages\/9163\/revisions"}],"predecessor-version":[{"id":14494,"href":"https:\/\/planeamiento.udelar.edu.uy\/portal\/wp-json\/wp\/v2\/pages\/9163\/revisions\/14494"}],"wp:attachment":[{"href":"https:\/\/planeamiento.udelar.edu.uy\/portal\/wp-json\/wp\/v2\/media?parent=9163"}],"curies":[{"name":"wp","href":"https:\/\/api.w.org\/{rel}","templated":true}]}}